b) = b**3 + 105*b**2 - 224*b + 1647. What are the prime factors of s(-103)?
71, 647
Suppose 12*s - 240 = 7*s. Suppose 7*w + s = 3*w. What are the prime factors of (-4)/w*(-2)/(2/(-183))?
61
Let m be (654/(-9) - -4)*-3. Let c = m + -174. What are the prime factors of c?
2
Let c(m) = -7*m + 6. Let g be c(1). Let b be g/(-6)*9*224/6. Suppose 0 = -58*y + b*y + 114. What are the prime factors of y?
3, 19
Let t(z) = 2*z**3 - 30*z**2 + 50*z**2 - 15*z + 40 - 42*z**2. What are the prime factors of t(12)?
2, 37
Let q be 4/(-22) - -1*240/110. Suppose -3*y + 2*t - 1 = -4*y, 4*y - 30 = 5*t. Suppose -4*g - 88 = -5*g - s, -y*g - q*s + 443 = 0. List the prime factors of g.
89
Suppose 19 = x - 5*v, -5*v = 3*x - 0*x - 37. Suppose 5*q + 49 + x = 2*i, -27 = -i + q. List the prime factors of i.
2, 3
Let r = 188 + 904. Suppose -m + z = -r, -2*m = -0*m + 3*z - 2199. What are the prime factors of m?
3, 5, 73
Suppose -x = -94 - 137. Let c = -126 + x. Suppose 0 = 3*b - 2*j - c - 43, 0 = b + j - 56. List the prime factors of b.
2, 13
Let o = -2462 + 1623. Let q = -474 - o. List the prime factors of q.
5, 73
Suppose 0 = -2*u + 4*k - 2, 2*u + k - 3 = 10. Suppose 1992 = 3*l + 6*s - 3*s, 5*l - u*s - 3300 = 0. Let w = l + -472. List the prime factors of w.
2, 5, 19
Let v be ((-2 - -1)*(274 + -16))/(-2). What are the prime factors of v - (3 + -6 + 1)?
131
Suppose 0 = -r + 3*r - 3*o - 6, -3*r - 4*o = -9. Let g = r - 16. What are the prime factors of (4 - 5)/(1/g)?
13
Suppose 2*z + 4*n - 8 = 2*n, 0 = 5*n - 10. Let y(i) = -i**3 + 4*i**2 - 3*i + 2. Let q be y(5). Let l = z - q. List the prime factors of l.
2, 5
Let p(f) = 12*f**2 - 85*f - 14. Let m be (66/(-4) + -1)*924/(-1155). List the prime factors of p(m).
2, 7, 41
Suppose 2*m - 7*m = 670. Let d = m + 81. Let f = d - -273. List the prime factors of f.
2, 5, 11
Let d(v) = -2*v**3 - 9*v**2 - 4*v - 2. Let r(g) = -9*g + 3. Let c be (2*3/(-12))/((-4)/8). Let j be r(c). What are the prime factors of d(j)?
2, 5, 13
Let r(h) = -678*h**3 - 18*h**2 - 3*h + 18. List the prime factors of r(-3).
3, 673
Let t be 0/(2*(4 + -5)). Suppose u + 2*d = 230, t*u - 2*u = -2*d - 442. Suppose -2*m + 6*m - u = -2*b, -m + 51 = -2*b. List the prime factors of m.
5, 11
Suppose 9*k = 3938 + 26104 + 31968. List the prime factors of k.
2, 5, 13, 53
List the prime factors of (-9 - -8)*-1117 - 11.
2, 7, 79
Let v = -416 + 414. List the prime factors of 1/8*-4 - 1103/v.
19, 29
Let i = -34 - -38. Suppose -i*m - k + 3 = -7, -3*m - k = -7. Suppose 3 = -m*x + 141. List the prime factors of x.
2, 23
Let h = 15635 - 8450. What are the prime factors of h?
3, 5, 479
Let y = 98825 + -48683. What are the prime factors of y?
2, 3, 61, 137
Let c(y) = -4*y + 64. Let b be c(-14). Suppose i = -z - 4*z + 574, b = z - 5*i. List the prime factors of z.
5, 23
Suppose 18469 = 25*x - 31681. Let t = x - 1243. List the prime factors of t.
7, 109
Let o = -790 - -789. Let u(s) = 231*s**2 + 8*s + 5. List the prime factors of u(o).
2, 3, 19
Let l(h) = -2*h**3 - 3*h**2 + 3*h + 2. Let b be l(-2). Suppose -p + g + 65 = b, -p + 2*g + 13 + 55 = 0. Suppose 2*q - 78 = p. List the prime factors of q.
2, 5, 7
Let d(x) = -260*x**3 - 16*x**2 + 14*x - 5. List the prime factors of d(-3).
6829
Let a be (3372/(-8))/((-18)/48). Let g = a + -770. List the prime factors of g.
2, 3, 59
Let x(a) = 8*a**2 + 7*a + 136. List the prime factors of x(34).
2, 17, 283
Let i be 23 - 26 - 126/1. Let u = 451 + i. What are the prime factors of u?
2, 7, 23
Let c be (-15)/60 - 13/(-4). Suppose 0 = -v - c*u + 46, -5*v - 3*u + 6*u = -248. List the prime factors of v.
7
Let w be (-7)/(-2) + (-7)/(-14). Let o = -718 - -725. Suppose o*p = -w*p + 341. List the prime factors of p.
31
Suppose -5*f - 10 = 0, -960*l + 965*l - 3*f - 59176 = 0. What are the prime factors of l?
2, 61, 97
Let h = -1348 + -131. Suppose -2*u + 393 = 389. What are the prime factors of h/(-17) - -1*(-6)/u?
2, 3, 7
What are the prime factors of (6 - -7) + 5346 + 5?
2, 3, 149
Suppose -3*d + 50 = -55. Let w = 172 - d. What are the prime factors of w?
137
Suppose 0 = 5*j - k - 497, -j - 3*k + 51 + 58 = 0. Let v = 188 - j. Suppose 3*s - 29 = v. What are the prime factors of s?
3, 13
Suppose p = -32*p + 302430 + 608601. What are the prime factors of p?
19, 1453
Let f(z) = z**3 - 9*z**2 - 3*z + 5. Let g be f(4). Let i be ((-386)/6 - -3)*(-18)/8. Let q = i + g. List the prime factors of q.
3, 17
What are the prime factors of ((-34)/(-4))/((-58)/(-49880))?
2, 5, 17, 43
Let m = 999 - 1037. What are the prime factors of (m/285 - (-64)/30) + 100?
2, 3, 17
Let h = 16880 - 15441. What are the prime factors of h?
1439
Suppose 0 = 471*x - 284*x - 4301. List the prime factors of x.
23
Suppose 5 + 9 = -3*k + 4*z, -2*k - 36 = 4*z. What are the prime factors of (538/(-4))/(k/20)?
269
Let u(s) = 41 - 6*s**2 + 26*s - s**2 + 9*s**2. What are the prime factors of u(-21)?
13, 29
Suppose 0 = -3*j + 3*g + 38532, 5*j - 334*g = -336*g + 64213. List the prime factors of j.
3, 1427
Let c(n) = 3*n**2 - 20*n + 30. Suppose -w + 3*g = 10, -3*w = w + 3*g + 25. List the prime factors of c(w).
317
Let s be (0 - (-1 + 2)) + 15. Let d(p) be the third derivative of p**6/120 - p**5/4 + 17*p**4/24 + 2*p**3/3 + 377*p**2. List the prime factors of d(s).
2, 23
Let k(p) = p + 4*p - 4 - 12*p. Let h be (6/21)/(4/(-28)). List the prime factors of k(h).
2, 5
Suppose 13*t - 15124 = 20678. List the prime factors of t.
2, 3, 17
Let d(g) = 16*g - 39. Let z be d(7). Suppose 6*s - z = 875. List the prime factors of s.
2, 79
List the prime factors of 18529 + -68*(-17)/68.
2, 3, 11, 281
Suppose 2*v - 2 = -18. Let m be ((-74)/v)/(3/120). Suppose m = 5*n + 125. What are the prime factors of n?
7
Suppose -3*g = 7*g - 20. Suppose -12*d = g*d - 2408. List the prime factors of d.
2, 43
Suppose -t + 944 + 321 = 2*z, 2*z = 5*t - 6385. Let s = t + -662. What are the prime factors of s?
613
Let y = -1791 + 3145. Suppose 5*w - q = -6*q + 1705, q + y = 4*w. What are the prime factors of w?
3, 113
Suppose 0 = 3*x - r - 82289, -2*x - 216*r + 54814 = -211*r. What are the prime factors of x?
27427
Let u(x) = -91*x - 33. Let w be (-1 + (-7)/(-5))*(1 + -6). What are the prime factors of u(w)?
149
Suppose 430*y - 156660 = 416*y. What are the prime factors of y?
2, 3, 5, 373
Suppose -63*a = 144 - 837. Suppose -473 = a*l - 3663. What are the prime factors of l?
2, 5, 29
Let l(p) = 2*p + 24. Let m be l(-12). Suppose -3*q + 6 + m = 0. Suppose t = -q*t + 141. List the prime factors of t.
47
Let t = 639 + -1043. Let d = -36 - t. What are the prime factors of d?
2, 23
Let s(n) = -10*n**3 + 12*n**2 + 130*n + 5. List the prime factors of s(-7).
11, 283
Let z(a) = 5*a**3 + 17*a**2 + 4*a - 1037. Let d(b) = 4*b**3 + 15*b**2 + 3*b - 1038. Let v(w) = -6*d(w) + 5*z(w). List the prime factors of v(0).
7, 149
Suppose -2*m = -960 - 646. Let t = m + -397. What are the prime factors of t?
2, 7, 29
Let r = 18020 - 7620. Suppose r = -3*m + 28*m. List the prime factors of m.
2, 13
Let v(g) = g**2 - 71*g - 355. What are the prime factors of v(-26)?
11, 197
Suppose 13*m + 107*m - 2236336 = 17*m. What are the prime factors of m?
2, 23, 59
Let r(f) = f + 9. Let m be r(-5). Suppose 5*k = -3*z + 150, 133 = 3*z - m*k - 17. Suppose -z = -2*j + 68. List the prime factors of j.
59
Let m = -809 - -1891. Suppose -m = 284*p - 286*p. What are the prime factors of p?
541
Let u(a) = -4166*a + 5442. What are the prime factors of u(-4)?
2, 7, 1579
Suppose y + 0*y - 1 = 0, 3*o = 5*y + 4. Suppose -7*l = -2*m - 5*l + 8, o*l + 15 = 4*m. Suppose -m*s + 25 = -35. List the prime factors of s.
2, 5
Let l = 28790 + -6380. List the prime factors of l.
2, 3, 5, 83
Let s(m) = m**3 - 8*m**2 - 27*m + 6. Let a be s(11). Suppose -4*b + a = -0*b - i, -4*i = 0. What are the prime factors of b?
2, 3
Let a(b) = -b**3 - 4*b**2 - 6*b - 6. Let x be a(-3). Suppose 2*r = -5*m + 45, -6*m + x*r = -m - 20. Suppose 0 = -m*w + 509 + 506. List the prime factors of w.
5, 29
Suppose 801*q + 10 = 806*q. List the prime factors of (q + 0 - -21)*(-190)/(-10).
19, 23
Let p(j) = 27*j - 3 + 5*j + 2 - 4*j. Let b be p(-4). Let d = -39 - b. What are the prime factors of d?
2, 37
What are the prime factors of 3*1193 - (209/19 - 16)?
2, 7
Let x(u) = 12*u**2 - 87*u - 94. What are the prime factors of x(23)?
4253